**3 - 22*k**2 - 208*k + 6. Calculate h(-14).
1350
Let y(z) = 2*z**2 - 26*z - 425. Give y(-9).
-29
Let p(r) = -714*r - 7406. Determine p(-11).
448
Let v(w) = 346098*w + 1038286. Calculate v(-3).
-8
Let r(o) = 1252*o + 12251. What is r(-10)?
-269
Let x(f) = -77*f + 5876. Give x(70).
486
Let a(f) = 2*f**2 + 351*f + 2541. Give a(0).
2541
Let t(y) = -441*y**2 + 2658*y - 17. Determine t(6).
55
Let j(t) = 224011*t + 672019. Determine j(-3).
-14
Let u(m) = 2897*m + 286800. Determine u(-99).
-3
Let i(o) = 113383*o - 2721176. What is i(24)?
16
Let l(t) = -t**3 - 56*t**2 + 910*t - 230. What is l(-69)?
-1127
Let u(p) = -2*p**2 + 39305*p - 78600. Calculate u(2).
2
Let s(n) = -n**3 - 728*n**2 + 4356*n - 35256. Calculate s(-734).
-24
Let g(v) = 7*v**2 + 307*v + 600. Calculate g(-2).
14
Let l(m) = -m**3 + 708*m**2 - 36516*m + 103. Determine l(56).
-121
Let r(o) = o**3 - 35*o**2 + 302*o - 6598. Calculate r(32).
-6
Let t(w) = -w**3 - 476*w**2 + 81052*w + 33504. Determine t(-609).
9
Let q(b) = 10257*b - 112813. Determine q(11).
14
Let i(c) = 128106*c - 39712853. Give i(310).
7
Let b(j) = 132*j**2 + 70084*j - 4255. Give b(-531).
-7
Let b(y) = -y**2 - 329086*y + 2303589. What is b(7)?
-62
Let v(i) = 2*i**2 - 204*i + 2686. Determine v(87).
76
Let l(j) = j**3 + 147*j**2 + 252*j - 485. Determine l(-145).
5025
Let o(h) = -5*h**3 - 41*h**2 - 22*h + 264. Give o(-8).
376
Let g(x) = -521846*x + 31832602. What is g(61)?
-4
Let m(q) = -288*q**2 - 60*q + 62. Calculate m(1).
-286
Let f(r) = r**2 - 260*r - 80433. Determine f(442).
11
Let h(x) = -2*x**3 - 52*x**2 + 248*x - 48. What is h(-29)?
-2194
Let m(x) = 3017*x + 21096. What is m(-7)?
-23
Let t(y) = -136522*y + 5051315. Calculate t(37).
1
Let n(h) = -25*h - 1750. Give n(-80).
250
Let k(a) = -316*a + 77547. Calculate k(248).
-821
Let g(s) = 5*s**2 - 121*s - 3689. Calculate g(-19).
415
Let w(i) = -22*i + 9007. What is w(181)?
5025
Let s(k) = 970*k + 14839. Calculate s(-14).
1259
Let k(u) = -2*u**3 - 14*u**2 - 226*u - 614. Determine k(-4).
194
Let p(m) = 61*m**2 + 6708*m - 20914. Give p(-113).
-9
Let r(l) = 753*l**2 + 4417*l - 604. Determine r(-6).
2
Let z(w) = -w**2 + 17366*w - 86808. Determine z(5).
-3
Let z(c) = -3*c**3 - 139*c**2 - 51*c - 292. Determine z(-46).
-62
Let k(r) = -1833*r + 5518. Calculate k(3).
19
Let p(x) = 2*x**3 + 86*x - 796. Give p(8).
916
Let j(h) = -2*h**3 - 86*h**2 + 88*h - 374. What is j(-44)?
-374
Let f(x) = -111*x**2 - 3785*x - 368. Determine f(-34).
6
Let j(b) = 4*b**3 + 291*b**2 - 87*b + 237. What is j(-73)?
1259
Let u(d) = -3*d**2 - 21307*d + 749410. Give u(35).
-10
Let x(o) = -o**2 + 207*o - 7769. Calculate x(55).
591
Let j(v) = 242*v - 11632. Calculate j(48).
-16
Let v(d) = -141*d - 21563. Calculate v(-153).
10
Let y(s) = 2*s**2 + 137*s - 5909. What is y(30)?
1
Let m(p) = 2*p**2 + 414*p + 8744. Give m(-183).
-40
Let c(v) = v**3 - 3*v**2 - 206*v + 837. Determine c(4).
29
Let q(x) = -1024*x + 5219. Calculate q(5).
99
Let m(a) = 6219*a + 136999. Determine m(-22).
181
Let l(j) = -2621610*j + 34080934. Calculate l(13).
4
Let r(i) = 30555*i - 30563. Give r(1).
-8
Let u(a) = -4*a**3 - 92*a**2 + 38*a - 1766. Calculate u(-24).
-374
Let y(m) = -3*m**2 + 1. What is y(3)?
-26
Let h(z) = z**2 - 295*z + 21339. Determine h(129).
-75
Let r(o) = 213*o**3 + 13*o**2 - 28*o + 5. Give r(2).
1705
Let d(x) = 163*x**2 - 376*x - 346. Calculate d(3).
-7
Let z(g) = -15*g**2 - 267*g + 1052. Give z(4).
-256
Let d(h) = -h**2 - 4261*h + 369427. Calculate d(85).
17
Let f(l) = l**3 - 7*l**2 - 620*l - 5771. Calculate f(32).
-11
Let h(b) = b**2 - 76*b - 51470. What is h(268)?
-14
Let s(r) = 1208*r - 571357. Calculate s(473).
27
Let y(p) = 1000*p + 141005. Determine y(-141).
5
Let n(j) = j**3 - 14*j**2 - 601*j - 12. Determine n(31).
-2306
Let b(s) = 892*s - 20366. Give b(23).
150
Let j(z) = -25206*z + 4108611. What is j(163)?
33
Let s(f) = -119*f - 28429. What is s(-241)?
250
Let s(h) = -h**3 - 145*h**2 + 1419*h + 47. What is s(10)?
-1263
Let c(g) = g**3 + 134*g**2 - 1273*g + 2010. Determine c(-143).
8
Let d(p) = 105615*p + 422498. Determine d(-4).
38
Let h(j) = 90*j**3 - 415*j**2 + 90*j - 352. Give h(4).
-872
Let h(t) = t**2 - 38305*t + 1874544. Calculate h(49).
0
Let f(l) = -22*l - 6250. Determine f(-272).
-266
Let z(m) = -4994*m + 1008801. Calculate z(202).
13
Let w(t) = -180*t**2 - 3419*t + 150. Determine w(-19).
131
Let a(p) = p**2 - 2497*p + 1179889. Calculate a(633).
-23
Let u(t) = -t**2 - 4625*t - 128698. What is u(-28)?
18
Let s(u) = -11*u**3 + 1104*u**2 - 3572*u - 1636. Calculate s(97).
13
Let m(d) = -d**3 - 443*d**2 + 1376*d + 16992. Calculate m(-446).
44
Let g(h) = -149973*h + 899846. Calculate g(6).
8
Let s(f) = -55*f**2 + 65*f - 215. What is s(3)?
-515
Let i(q) = 2*q**2 - 350*q - 10206. Calculate i(200).
-206
Let j(f) = -2*f**2 + 1456*f + 31183. Give j(-21).
-275
Let t(f) = 7*f**3 + f**2 + 30*f + 311. What is t(0)?
311
Let u(d) = 177924*d + 533779. What is u(-3)?
7
Let q(b) = 138*b**2 + 26077*b - 939. What is q(-189)?
6
Let z(f) = -f**2 - 63*f - 525. Determine z(-44).
311
Let a(o) = o**2 - 33*o - 5979. Determine a(-60).
-399
Let j(s) = 3*s**3 + 705*s**2 - 1422*s - 3. Give j(-237).
-3
Let r(k) = k**3 - 13*k**2 - 69*k + 591. Give r(5).
46
Let b(v) = -2*v**3 + 31*v**2 - 456*v + 6624. What is b(15)?
9
Let p(b) = b**2 + 746*b - 28969. What is p(37)?
2
Let m(y) = -1076*y**2 + 113*y - 111. Calculate m(1).
-1074
Let q(j) = 8*j**2 - 404*j - 7579. Determine q(-17).
1601
Let f(z) = -2*z**3 - 24*z**2 + 162*z + 730. What is f(-15)?
-350
Let n(i) = 2*i**3 + 21*i**2 - 366*i - 83. Calculate n(-20).
-363
Let d(x) = -20*x**2 + 5523*x - 313. What is d(276)?
515
Let q(k) = -40216*k + 4182468. Calculate q(104).
4
Let x(u) = u**3 - 70*u**2 + 487*u - 51549. Determine x(73).
-11
Let n(v) = 1509*v + 34723. Determine n(-23).
16
Let s(v) = 711*v + 1112. What is s(-1)?
401
Let x(m) = -25803*m + 77401. Determine x(3).
-8
Let d(h) = -16*h**3 + 23*h**2 + 61*h + 9. What is d(-4)?
1157
Let u(t) = -431356*t + 4744913. Calculate u(11).
-3
Let i(k) = -17*k**2 - 7595*k - 801646. Determine i(-171).
2
Let f(b) = -b**2 - 112*b - 3106. Calculate f(-47).
-51
Let y(x) = 194*x + 999. Calculate y(-9).
-747
Let t(r) = -911*r**3 - 2*r**2 + 5*r - 5. Determine t(1).
-913
Let r(z) = -4*z**2 + 76*z - 149. Determine r(6).
163
Let b(s) = 13*s**2 - 1217*s + 4071. What is b(90)?
-159
Let l(t) = 17820*t + 89069. Determine l(-5).
-31
Let j(n) = -19*n**3 - 130*n**2 - 1020*n - 7256. What is j(-7)?
31
Let y(n) = n**3 + 69*n**2 + 1104*n - 367. Give y(-26).
-3
Let z(r) = -25*r**2 + 331*r - 1865. Give z(6).
-779
Let y(h) = h**3 + 45*h**2 + 2902*h + 130583. Determine y(-45).
-7
Let x(g) = -3421*g + 803945. Calculate x(235).
10
Let w(v) = v**2 - 132*v + 1596. Determine w(13).
49
Let r(t) = 67320*t + 875162. What is r(-13)?
2
Let o(n) = 5*n**2 + 1173*n + 53283. What is o(-173)?
-1
Let b(h) = 64*h**2 - 740*h + 23. Determine b(5).
-2077
Let t(v) = 17308*v + 34617. What is t(-2)?
1
Let o(x) = 2*x**2 + 542*x - 27759. What is o(-315)?
-39
Let m(p) = 7*p**2 + 765*p - 3872. What is m(5)?
128
Let q(k) = -411*k - 73547. Give q(-179).
22
Let a(v) = -v**3 + 116*v**2 - 380*v - 7635. Determine a(112).
-19
Let q(r) = -4040*r + 1972. Determine q(0).
1972
Let j(q) = -6*q**2 - 640*q - 10214. Determine j(-87).
52
Let a(p) = 4650*p - 515871. What is a(111)?
279
Let n(o) = 39631*o - 317027. Determine n(8).
21
Let u(s) = -3*s**3 + 20*s**2 - 19*s + 113. Determine u(6).
71
Let g(t) = 17*t**3 - 416*t + 1328. Give g(3).
539
Let u(y) = y**2 + 6522*y - 189996. Determine u(29).
-17
Let q(s) = -s**3 + 153*s**2 + 1612*s - 194. Determine q(-10).
-14
Let t(b) = -227*b + 12940. Give t(59).
-453
Let p(z) = -30*z**3 + 319*z**2 + 109*z + 148. What is p(11)?
16
Let z(j) = j**3 - 62*j**2 - 2651*j + 166850. Calculate z(59).
-2
Let j(v) = -2*v**3 - 29*v**2 + 67*v + 745. Determine j(-15).
-35
Let f(g) = -60*g - 501. Determine f(-24).
939
Let g(d) = 21*d**3 - 4*d**2 - 111*d - 106. What is g(-1)?
-20
Let i(c) = -35*c + 38. Determine i(10).
-312
Let l(v) = -5*v**2 + 1527*v + 15736. Determine l(-10).
-34
Let w(a) = 2415*a + 6961. Calculate w(-3).
-284
Let z(w) = 8*w + 532. Give z(-99).
-260
Let u(x) = 2190*x**2 + 479*x - 480. Give u(1).
2189
Let y(i) = i**2 - 157*i + 5183. What is y(51)?
-223
Let r(t) = -24*t**2 + 247*t